{"id":978,"date":"2026-01-22T15:36:16","date_gmt":"2026-01-22T14:36:16","guid":{"rendered":"https:\/\/neu.holweide-bv.de\/?page_id=978"},"modified":"2026-01-27T15:21:14","modified_gmt":"2026-01-27T14:21:14","slug":"mitglied-werden","status":"publish","type":"page","link":"https:\/\/www.holweide-bv.de\/index.php\/mitglied-werden\/","title":{"rendered":"Mitglied werden"},"content":{"rendered":"<p>&nbsp;<\/p>\r\n<p>Sch\u00f6n, dass Sie Interesse an einer Mitgliedschaft haben.<br \/>Mit Ihrem Beitrag unterst\u00fctzen Sie nicht nur unsere Arbeit f\u00fcr Holweide, sondern werden Teil einer Gemeinschaft, die sich mit Herz und Engagement f\u00fcr unseren Stadtteil einsetzt.<\/p>\r\n<p>Wir freuen uns \u00fcber jedes neue Mitglied \u2013 ganz gleich, ob Sie sich aktiv beteiligen m\u00f6chten oder Ihre Ideen einbringen wollen. Im Mitgliedsantrag k\u00f6nnen Sie uns gern mitteilen, wie Sie sich ein Engagement vorstellen.<\/p>\r\n<p style=\"text-align: left;\">Laden Sie den Antrag einfach herunter und senden Sie ihn uns per Post oder per E-Mail an:<\/p>\r\n<p style=\"text-align: center;\"><br \/><a href=\"mailto:vorstand@holweide-bv.de\" target=\"_blank\" rel=\"noopener\">vorstand@holweide-bv.de<\/a><br \/>.<\/p>\r\n<p>Haben Sie Fragen oder w\u00fcnschen Sie Unterst\u00fctzung? Dann melden Sie sich gerne bei uns \u2013 per E-Mail oder \u00fcber unser Kontaktformular. Wir freuen uns auf Sie.<\/p>\r\n<p>&nbsp;<\/p>\r\n\r\n<div class=\"wp-block-buttons is-layout-flex wp-block-buttons-is-layout-flex\">\r\n<div class=\"wp-block-button\" style=\"text-align: center;\"><a class=\"wp-block-button__link wp-element-button\" href=\"https:\/\/neu.holweide-bv.de\/wp-content\/uploads\/2026\/01\/Mitgliedsantrag-2025.pdf\" target=\"_blank\" rel=\"noreferrer noopener\">Mitgliedsantrag herunterladen<\/a><\/div>\r\n<\/div>\r\n\r\n\r\n\r\n<p>&nbsp;<\/p>\r\n","protected":false},"excerpt":{"rendered":"<p>&nbsp; Sch\u00f6n, dass Sie Interesse an einer Mitgliedschaft haben.Mit Ihrem Beitrag unterst\u00fctzen Sie nicht nur unsere Arbeit f\u00fcr Holweide, sondern werden Teil einer Gemeinschaft, die sich mit Herz und Engagement f\u00fcr unseren Stadtteil einsetzt. Wir freuen uns \u00fcber jedes neue Mitglied \u2013 ganz gleich, ob Sie sich aktiv beteiligen m\u00f6chten oder Ihre Ideen einbringen wollen. Im Mitgliedsantrag k\u00f6nnen Sie uns gern mitteilen, wie Sie sich ein Engagement vorstellen. Laden Sie den Antrag einfach herunter und senden Sie ihn uns per Post oder per E-Mail an: vorstand@holweide-bv.de. Haben Sie Fragen oder w\u00fcnschen Sie Unterst\u00fctzung? Dann melden Sie sich gerne bei uns \u2013 per E-Mail oder \u00fcber unser Kontaktformular. Wir freuen uns auf Sie. &nbsp; &nbsp;<\/p>\n","protected":false},"author":2,"featured_media":0,"parent":0,"menu_order":0,"comment_status":"closed","ping_status":"closed","template":"","meta":{"footnotes":""},"class_list":["post-978","page","type-page","status-publish","hentry"],"yoast_head":"<!-- This site is optimized with the Yoast SEO plugin v27.5 - https:\/\/yoast.com\/product\/yoast-seo-wordpress\/ -->\n<title>Mitglied werden - B\u00fcrgervereinigung Holweide<\/title>\n<meta name=\"robots\" content=\"index, follow, max-snippet:-1, max-image-preview:large, max-video-preview:-1\" \/>\n<link rel=\"canonical\" href=\"https:\/\/www.holweide-bv.de\/index.php\/mitglied-werden\/\" \/>\n<meta property=\"og:locale\" content=\"de_DE\" \/>\n<meta property=\"og:type\" content=\"article\" \/>\n<meta property=\"og:title\" content=\"Mitglied werden - B\u00fcrgervereinigung Holweide\" \/>\n<meta property=\"og:description\" content=\"&nbsp; Sch\u00f6n, dass Sie Interesse an einer Mitgliedschaft haben.Mit Ihrem Beitrag unterst\u00fctzen Sie nicht nur unsere Arbeit f\u00fcr Holweide, sondern werden Teil einer Gemeinschaft, die sich mit Herz und Engagement f\u00fcr unseren Stadtteil einsetzt. Wir freuen uns \u00fcber jedes neue Mitglied \u2013 ganz gleich, ob Sie sich aktiv beteiligen m\u00f6chten oder Ihre Ideen einbringen wollen. Im Mitgliedsantrag k\u00f6nnen Sie uns gern mitteilen, wie Sie sich ein Engagement vorstellen. Laden Sie den Antrag einfach herunter und senden Sie ihn uns per Post oder per E-Mail an: vorstand@holweide-bv.de. Haben Sie Fragen oder w\u00fcnschen Sie Unterst\u00fctzung? Dann melden Sie sich gerne bei uns \u2013 per E-Mail oder \u00fcber unser Kontaktformular. Wir freuen uns auf Sie. &nbsp; &nbsp;\" \/>\n<meta property=\"og:url\" content=\"https:\/\/www.holweide-bv.de\/index.php\/mitglied-werden\/\" \/>\n<meta property=\"og:site_name\" content=\"B\u00fcrgervereinigung Holweide\" \/>\n<meta property=\"article:modified_time\" content=\"2026-01-27T14:21:14+00:00\" \/>\n<meta name=\"twitter:card\" content=\"summary_large_image\" \/>\n<meta name=\"twitter:label1\" content=\"Gesch\u00e4tzte Lesezeit\" \/>\n\t<meta name=\"twitter:data1\" content=\"1\u00a0Minute\" \/>\n<script type=\"application\/ld+json\" class=\"yoast-schema-graph\">{\"@context\":\"https:\\\/\\\/schema.org\",\"@graph\":[{\"@type\":\"WebPage\",\"@id\":\"https:\\\/\\\/www.holweide-bv.de\\\/index.php\\\/mitglied-werden\\\/\",\"url\":\"https:\\\/\\\/www.holweide-bv.de\\\/index.php\\\/mitglied-werden\\\/\",\"name\":\"Mitglied werden - B\u00fcrgervereinigung Holweide\",\"isPartOf\":{\"@id\":\"https:\\\/\\\/www.holweide-bv.de\\\/#website\"},\"datePublished\":\"2026-01-22T14:36:16+00:00\",\"dateModified\":\"2026-01-27T14:21:14+00:00\",\"breadcrumb\":{\"@id\":\"https:\\\/\\\/www.holweide-bv.de\\\/index.php\\\/mitglied-werden\\\/#breadcrumb\"},\"inLanguage\":\"de\",\"potentialAction\":[{\"@type\":\"ReadAction\",\"target\":[\"https:\\\/\\\/www.holweide-bv.de\\\/index.php\\\/mitglied-werden\\\/\"]}]},{\"@type\":\"BreadcrumbList\",\"@id\":\"https:\\\/\\\/www.holweide-bv.de\\\/index.php\\\/mitglied-werden\\\/#breadcrumb\",\"itemListElement\":[{\"@type\":\"ListItem\",\"position\":1,\"name\":\"Start\",\"item\":\"https:\\\/\\\/www.holweide-bv.de\\\/\"},{\"@type\":\"ListItem\",\"position\":2,\"name\":\"Mitglied werden\"}]},{\"@type\":\"WebSite\",\"@id\":\"https:\\\/\\\/www.holweide-bv.de\\\/#website\",\"url\":\"https:\\\/\\\/www.holweide-bv.de\\\/\",\"name\":\"B\u00fcrgervereinigung Holweide\",\"description\":\"\",\"potentialAction\":[{\"@type\":\"SearchAction\",\"target\":{\"@type\":\"EntryPoint\",\"urlTemplate\":\"https:\\\/\\\/www.holweide-bv.de\\\/?s={search_term_string}\"},\"query-input\":{\"@type\":\"PropertyValueSpecification\",\"valueRequired\":true,\"valueName\":\"search_term_string\"}}],\"inLanguage\":\"de\"}]}<\/script>\n<!-- \/ Yoast SEO plugin. -->","yoast_head_json":{"title":"Mitglied werden - B\u00fcrgervereinigung Holweide","robots":{"index":"index","follow":"follow","max-snippet":"max-snippet:-1","max-image-preview":"max-image-preview:large","max-video-preview":"max-video-preview:-1"},"canonical":"https:\/\/www.holweide-bv.de\/index.php\/mitglied-werden\/","og_locale":"de_DE","og_type":"article","og_title":"Mitglied werden - B\u00fcrgervereinigung Holweide","og_description":"&nbsp; Sch\u00f6n, dass Sie Interesse an einer Mitgliedschaft haben.Mit Ihrem Beitrag unterst\u00fctzen Sie nicht nur unsere Arbeit f\u00fcr Holweide, sondern werden Teil einer Gemeinschaft, die sich mit Herz und Engagement f\u00fcr unseren Stadtteil einsetzt. Wir freuen uns \u00fcber jedes neue Mitglied \u2013 ganz gleich, ob Sie sich aktiv beteiligen m\u00f6chten oder Ihre Ideen einbringen wollen. Im Mitgliedsantrag k\u00f6nnen Sie uns gern mitteilen, wie Sie sich ein Engagement vorstellen. Laden Sie den Antrag einfach herunter und senden Sie ihn uns per Post oder per E-Mail an: vorstand@holweide-bv.de. Haben Sie Fragen oder w\u00fcnschen Sie Unterst\u00fctzung? Dann melden Sie sich gerne bei uns \u2013 per E-Mail oder \u00fcber unser Kontaktformular. Wir freuen uns auf Sie. &nbsp; &nbsp;","og_url":"https:\/\/www.holweide-bv.de\/index.php\/mitglied-werden\/","og_site_name":"B\u00fcrgervereinigung Holweide","article_modified_time":"2026-01-27T14:21:14+00:00","twitter_card":"summary_large_image","twitter_misc":{"Gesch\u00e4tzte Lesezeit":"1\u00a0Minute"},"schema":{"@context":"https:\/\/schema.org","@graph":[{"@type":"WebPage","@id":"https:\/\/www.holweide-bv.de\/index.php\/mitglied-werden\/","url":"https:\/\/www.holweide-bv.de\/index.php\/mitglied-werden\/","name":"Mitglied werden - B\u00fcrgervereinigung Holweide","isPartOf":{"@id":"https:\/\/www.holweide-bv.de\/#website"},"datePublished":"2026-01-22T14:36:16+00:00","dateModified":"2026-01-27T14:21:14+00:00","breadcrumb":{"@id":"https:\/\/www.holweide-bv.de\/index.php\/mitglied-werden\/#breadcrumb"},"inLanguage":"de","potentialAction":[{"@type":"ReadAction","target":["https:\/\/www.holweide-bv.de\/index.php\/mitglied-werden\/"]}]},{"@type":"BreadcrumbList","@id":"https:\/\/www.holweide-bv.de\/index.php\/mitglied-werden\/#breadcrumb","itemListElement":[{"@type":"ListItem","position":1,"name":"Start","item":"https:\/\/www.holweide-bv.de\/"},{"@type":"ListItem","position":2,"name":"Mitglied werden"}]},{"@type":"WebSite","@id":"https:\/\/www.holweide-bv.de\/#website","url":"https:\/\/www.holweide-bv.de\/","name":"B\u00fcrgervereinigung Holweide","description":"","potentialAction":[{"@type":"SearchAction","target":{"@type":"EntryPoint","urlTemplate":"https:\/\/www.holweide-bv.de\/?s={search_term_string}"},"query-input":{"@type":"PropertyValueSpecification","valueRequired":true,"valueName":"search_term_string"}}],"inLanguage":"de"}]}},"_links":{"self":[{"href":"https:\/\/www.holweide-bv.de\/index.php\/wp-json\/wp\/v2\/pages\/978","targetHints":{"allow":["GET"]}}],"collection":[{"href":"https:\/\/www.holweide-bv.de\/index.php\/wp-json\/wp\/v2\/pages"}],"about":[{"href":"https:\/\/www.holweide-bv.de\/index.php\/wp-json\/wp\/v2\/types\/page"}],"author":[{"embeddable":true,"href":"https:\/\/www.holweide-bv.de\/index.php\/wp-json\/wp\/v2\/users\/2"}],"replies":[{"embeddable":true,"href":"https:\/\/www.holweide-bv.de\/index.php\/wp-json\/wp\/v2\/comments?post=978"}],"version-history":[{"count":3,"href":"https:\/\/www.holweide-bv.de\/index.php\/wp-json\/wp\/v2\/pages\/978\/revisions"}],"predecessor-version":[{"id":1143,"href":"https:\/\/www.holweide-bv.de\/index.php\/wp-json\/wp\/v2\/pages\/978\/revisions\/1143"}],"wp:attachment":[{"href":"https:\/\/www.holweide-bv.de\/index.php\/wp-json\/wp\/v2\/media?parent=978"}],"curies":[{"name":"wp","href":"https:\/\/api.w.org\/{rel}","templated":true}]}}